{"id":65,"date":"2020-10-07T19:06:03","date_gmt":"2020-10-07T18:06:03","guid":{"rendered":"https:\/\/test.halbinger.de\/?page_id=65"},"modified":"2020-10-14T17:29:36","modified_gmt":"2020-10-14T16:29:36","slug":"anhaenger","status":"publish","type":"page","link":"https:\/\/www.halbinger.de\/?page_id=65","title":{"rendered":"Anh\u00e4nger"},"content":{"rendered":"\n<figure class=\"wp-block-image size-large is-resized\"><img loading=\"lazy\" decoding=\"async\" src=\"https:\/\/www.halbinger.de\/wp-content\/uploads\/Kofferauflieger01-1024x576.jpg\" alt=\"\" width=\"1024\" height=\"576\"\/><figcaption>Kofferauflieger mit zwei zwangsgelenkten Achsen und kundenspezifischem Andocksystem<\/figcaption><\/figure>\n\n\n\n<figure class=\"wp-block-image size-large is-resized\"><img loading=\"lazy\" decoding=\"async\" src=\"https:\/\/www.halbinger.de\/wp-content\/uploads\/Kippanhaenger01-1024x768.jpg\" alt=\"\" width=\"1024\" height=\"768\"\/><figcaption>3-Seiten-Kippanh\u00e4nger in Niedrigbauweise<\/figcaption><\/figure>\n\n\n\n<figure class=\"wp-block-image size-large is-resized\"><img loading=\"lazy\" decoding=\"async\" src=\"https:\/\/www.halbinger.de\/wp-content\/uploads\/Schalungsanhaenger01-1024x768.jpg\" alt=\"\" width=\"1024\" height=\"768\"\/><figcaption>Anh\u00e4nger zum Schalungstransport (stehend)<\/figcaption><\/figure>\n\n\n\n<figure class=\"wp-block-image size-large is-resized\"><img loading=\"lazy\" decoding=\"async\" src=\"https:\/\/www.halbinger.de\/wp-content\/uploads\/Schalungsanhaenger02-1024x768.jpg\" alt=\"\" width=\"1024\" height=\"768\"\/><figcaption>Anh\u00e4nger zum Schalungstranport (liegend) mit 4-fach Abst\u00fctzung f\u00fcr schwieriges Gel\u00e4nde<\/figcaption><\/figure>\n\n\n\n\n\n<p><\/p>\n","protected":false},"excerpt":{"rendered":"","protected":false},"author":2,"featured_media":0,"parent":0,"menu_order":0,"comment_status":"closed","ping_status":"closed","template":"","meta":{"footnotes":""},"class_list":["post-65","page","type-page","status-publish","hentry"],"_links":{"self":[{"href":"https:\/\/www.halbinger.de\/index.php?rest_route=\/wp\/v2\/pages\/65","targetHints":{"allow":["GET"]}}],"collection":[{"href":"https:\/\/www.halbinger.de\/index.php?rest_route=\/wp\/v2\/pages"}],"about":[{"href":"https:\/\/www.halbinger.de\/index.php?rest_route=\/wp\/v2\/types\/page"}],"author":[{"embeddable":true,"href":"https:\/\/www.halbinger.de\/index.php?rest_route=\/wp\/v2\/users\/2"}],"replies":[{"embeddable":true,"href":"https:\/\/www.halbinger.de\/index.php?rest_route=%2Fwp%2Fv2%2Fcomments&post=65"}],"version-history":[{"count":4,"href":"https:\/\/www.halbinger.de\/index.php?rest_route=\/wp\/v2\/pages\/65\/revisions"}],"predecessor-version":[{"id":222,"href":"https:\/\/www.halbinger.de\/index.php?rest_route=\/wp\/v2\/pages\/65\/revisions\/222"}],"wp:attachment":[{"href":"https:\/\/www.halbinger.de\/index.php?rest_route=%2Fwp%2Fv2%2Fmedia&parent=65"}],"curies":[{"name":"wp","href":"https:\/\/api.w.org\/{rel}","templated":true}]}}